{"id":58,"date":"2026-03-24T16:47:53","date_gmt":"2026-03-24T15:47:53","guid":{"rendered":"https:\/\/www.gartenstadt-frohnau.de\/wordpress\/?page_id=58"},"modified":"2026-04-14T16:19:25","modified_gmt":"2026-04-14T14:19:25","slug":"zeltinger-strasse-70","status":"publish","type":"page","link":"https:\/\/www.gartenstadt-frohnau.de\/wordpress\/paul-poser-1876-1940\/zeltinger-strasse-70\/","title":{"rendered":"Zeltinger Stra\u00dfe 70"},"content":{"rendered":"\n<p><strong>Die Eltern ziehen nach dem Brand in die Alaunwerkstra\u00dfe 54.<a href=\"#_ftn1\" id=\"_ftnref1\">[1]<\/a> Da wohnt noch ein<\/strong> \u201ePoser, Gustav, Restaurator, Materialwarenh\u00e4ndler, Kiesbruchbesitzer\u201c.  der Alaunwerkstra\u00dfe 27 verzeichnet ihn das Adressbuch von 1895. Dazu &#8211; an unterschiedlichen Adressen &#8211; einen Eduard, einen Ernst, Franz, Gottlieb, Johann, Libor und einen Louis Poser. Und die offenbar alleinstehende Hermine Poser. Sie wird als Fabrikarbeiterin bezeichnet, wie jetzt auch Johann Gotthard, Pauls Vater, der mithin seine Selbst\u00e4ndigkeit aufgegeben haben muss. Schon seinerzeit im Marktwinkel war die heimindustrielle Strumpfwirkerei in Zeulenroda im Niedergang begriffen. Just im Geburtsjahr Posers f\u00fchrte die Firma Schopper die dem englischen Modell in Lizenz nachgebauten, deutlich leistungsf\u00e4higeren dampfbetriebenen Wirkmaschinen (Cottonst\u00fchle) ein.<a href=\"#_ftn2\" id=\"_ftnref2\">[2]<\/a> Sie zogen die vielen zuvor selbstst\u00e4ndigen Wirker aus ihren heimischen Stuben in die neuen Fabriken. Nach einem vor\u00fcbergehenden Aufstieg \u201eendete f\u00fcr Zeulenroda 1929\/30 die Epoche als Hochburg der Strumpfwirkerei.\u201c<a href=\"#_ftn3\" id=\"_ftnref3\">[3]<\/a><\/p>\n\n\n\n<hr class=\"wp-block-separator has-alpha-channel-opacity\"\/>\n\n\n\n<p><a href=\"#_ftnref1\" id=\"_ftn1\">[1]<\/a> Adressbuch der Stadt Zeulenroda 1895, S. 78.<\/p>\n\n\n\n<p><a href=\"#_ftnref2\" id=\"_ftn2\">[2]<\/a> Gerti Stahl: Die Wirkwarenindustrie in Zeulenroda (Th\u00fcr.), Jena 1929, S. 36.<\/p>\n\n\n\n<p><a href=\"#_ftnref3\" id=\"_ftn3\">[3]<\/a> Christian Sobeck:&nbsp; Die Stadt Zeulenroda, in: http:\/\/www.stadtarchiv-zeulenroda.de\/index.php\/die-stadt\/16-die-stadt-zeulenroda, Zugriff: 26.2.2026.<\/p>\n","protected":false},"excerpt":{"rendered":"<p>Die Eltern ziehen nach dem Brand in die Alaunwerkstra\u00dfe 54.[1] Da wohnt noch ein \u201ePoser, Gustav, Restaurator, Materialwarenh\u00e4ndler, Kiesbruchbesitzer\u201c. der Alaunwerkstra\u00dfe 27 verzeichnet ihn das Adressbuch von 1895. Dazu &#8211; an unterschiedlichen Adressen &#8211; einen Eduard, einen Ernst, Franz, Gottlieb, Johann, Libor und einen Louis Poser. Und die offenbar alleinstehende Hermine Poser. Sie wird als [&hellip;]<\/p>\n","protected":false},"author":2,"featured_media":41,"parent":112,"menu_order":0,"comment_status":"closed","ping_status":"closed","template":"","meta":{"footnotes":""},"class_list":["post-58","page","type-page","status-publish","has-post-thumbnail","hentry"],"_links":{"self":[{"href":"https:\/\/www.gartenstadt-frohnau.de\/wordpress\/wp-json\/wp\/v2\/pages\/58","targetHints":{"allow":["GET"]}}],"collection":[{"href":"https:\/\/www.gartenstadt-frohnau.de\/wordpress\/wp-json\/wp\/v2\/pages"}],"about":[{"href":"https:\/\/www.gartenstadt-frohnau.de\/wordpress\/wp-json\/wp\/v2\/types\/page"}],"author":[{"embeddable":true,"href":"https:\/\/www.gartenstadt-frohnau.de\/wordpress\/wp-json\/wp\/v2\/users\/2"}],"replies":[{"embeddable":true,"href":"https:\/\/www.gartenstadt-frohnau.de\/wordpress\/wp-json\/wp\/v2\/comments?post=58"}],"version-history":[{"count":2,"href":"https:\/\/www.gartenstadt-frohnau.de\/wordpress\/wp-json\/wp\/v2\/pages\/58\/revisions"}],"predecessor-version":[{"id":225,"href":"https:\/\/www.gartenstadt-frohnau.de\/wordpress\/wp-json\/wp\/v2\/pages\/58\/revisions\/225"}],"up":[{"embeddable":true,"href":"https:\/\/www.gartenstadt-frohnau.de\/wordpress\/wp-json\/wp\/v2\/pages\/112"}],"wp:featuredmedia":[{"embeddable":true,"href":"https:\/\/www.gartenstadt-frohnau.de\/wordpress\/wp-json\/wp\/v2\/media\/41"}],"wp:attachment":[{"href":"https:\/\/www.gartenstadt-frohnau.de\/wordpress\/wp-json\/wp\/v2\/media?parent=58"}],"curies":[{"name":"wp","href":"https:\/\/api.w.org\/{rel}","templated":true}]}}